{"id":444,"date":"2025-06-12T20:53:42","date_gmt":"2025-06-12T20:53:42","guid":{"rendered":"https:\/\/dentalpluss.lv\/bruninieku\/?page_id=444"},"modified":"2025-07-14T21:02:28","modified_gmt":"2025-07-14T21:02:28","slug":"estetiska-zobu-restauracija","status":"publish","type":"page","link":"https:\/\/dentalpluss.lv\/bruninieku\/pakalpojumi\/estetiska-zobu-restauracija\/","title":{"rendered":"Est\u0113tisk\u0101 zobu restaur\u0101cija"},"content":{"rendered":"\t\t<div data-elementor-type=\"wp-page\" data-elementor-id=\"444\" class=\"elementor elementor-444\">\n\t\t\t\t<div class=\"wd-negative-gap elementor-element elementor-element-d4d2ba6 e-flex e-con-boxed e-con e-parent\" data-id=\"d4d2ba6\" data-element_type=\"container\" data-e-type=\"container\">\n\t\t\t\t\t<div class=\"e-con-inner\">\n\t\t<div class=\"elementor-element elementor-element-a8c8a90 e-con-full e-flex e-con e-child\" data-id=\"a8c8a90\" data-element_type=\"container\" data-e-type=\"container\">\n\t\t\t\t<div class=\"elementor-element elementor-element-c1f636a elementor-widget elementor-widget-image\" data-id=\"c1f636a\" data-element_type=\"widget\" data-e-type=\"widget\" data-widget_type=\"image.default\">\n\t\t\t\t<div class=\"elementor-widget-container\">\n\t\t\t\t\t\t\t\t\t\t\t\t\t\t\t<img fetchpriority=\"high\" decoding=\"async\" width=\"1300\" height=\"867\" src=\"https:\/\/dentalpluss.lv\/bruninieku\/wp-content\/uploads\/2025\/06\/IK_OK_192.jpg\" class=\"attachment-full size-full wp-image-369\" alt=\"Zob\u0101rstniec\u012bbas kl\u012bnika R\u012bg\u0101\" srcset=\"https:\/\/dentalpluss.lv\/bruninieku\/wp-content\/uploads\/2025\/06\/IK_OK_192.jpg 1300w, https:\/\/dentalpluss.lv\/bruninieku\/wp-content\/uploads\/2025\/06\/IK_OK_192-300x200.jpg 300w, https:\/\/dentalpluss.lv\/bruninieku\/wp-content\/uploads\/2025\/06\/IK_OK_192-1024x683.jpg 1024w, https:\/\/dentalpluss.lv\/bruninieku\/wp-content\/uploads\/2025\/06\/IK_OK_192-768x512.jpg 768w\" sizes=\"(max-width: 1300px) 100vw, 1300px\" title=\"Zob\u0101rstniec\u012bbas kl\u012bnika R\u012bg\u0101\">\t\t\t\t\t\t\t\t\t\t\t\t\t\t\t<\/div>\n\t\t\t\t<\/div>\n\t\t\t\t<div class=\"elementor-element elementor-element-8fc74df elementor-widget elementor-widget-wd_text_block\" data-id=\"8fc74df\" data-element_type=\"widget\" data-e-type=\"widget\" data-widget_type=\"wd_text_block.default\">\n\t\t\t\t<div class=\"elementor-widget-container\">\n\t\t\t\t\t\t\t<div class=\"wd-text-block reset-last-child text-left\">\n\t\t\t\n\t\t\t<p><strong>Est\u0113tisk\u0101 plomb\u0113\u0161ana<\/strong> \u2013 proced\u016bra, kur\u0101 zobi tiek atjaunoti ar plomb\u0113\u0161anas materi\u0101lu pa sl\u0101\u0146iem, kas atbilst zobu dabiskajai anatomijai. \u0160\u0101di vislab\u0101kais rezult\u0101ts tiek sasniegts kombin\u0113jot kr\u0101su, formu, caursp\u012bd\u012bgumu, citas zobu individu\u0101l\u0101s \u012bpa\u0161\u012bbas.<\/p><p><strong>Est\u0113tisk\u0101 plomb\u0113\u0161ana<\/strong> ir dab\u012bgo zobu audu aizsarg\u0101jo\u0161a proced\u016bra, kas ne tikai atjauno saplais\u0101ju\u0161us, nodilu\u0161us, boj\u0101tus zobus, bet ar\u012b uzlabo dabisko zobu formu un sl\u0113dz diast\u0113mas (spraugas starp zobiem). Proced\u016bras laik\u0101 tiek iz\u0146emti kariesa boj\u0101tie zoba audi, p\u0113c tam zobs tiek plomb\u0113ts sl\u0101\u0146os, lai atjaunotu biju\u0161o vai veidotu jaunu v\u0113lamo formu, tad ar speci\u0101lu gaismu plombes tiek cietin\u0101tas un p\u0113c tam jau pul\u0113tas. Ja nav kariesa boj\u0101tu zobu audu, proced\u016bras laik\u0101 zobi netiek urbti, tiek rad\u012bts tikai mikroraupjums, apstr\u0101d\u0101jot ar smil\u0161u str\u016bklu un kodinot virsmu ar speci\u0101lu sk\u0101bi. Pirms est\u0113tisk\u0101s plomb\u0113\u0161anas uzs\u0101k\u0161anas v\u0113lams veikt profesion\u0101lu mutes dobuma higi\u0113nu un, ja ir v\u0113l\u0113\u0161an\u0101s, ar\u012b zobu balin\u0101\u0161anu, jo plombes saglab\u0101 s\u0101kotn\u0113jo kr\u0101su un nebalin\u0101s. Ja pl\u0101nota ortodontisk\u0101 \u0101rst\u0113\u0161ana, ar\u012b t\u0101 j\u0101veic pirms izv\u0113l\u0113ta est\u0113tisk\u0101 restaur\u0101cija, atsevi\u0161\u0137os gad\u012bjumos ortodontisko \u0101rst\u0113\u0161anu var aizst\u0101t ar est\u0113tisko plomb\u0113\u0161anu. Est\u0113tisk\u0101 plomb\u0113\u0161ana ir viens no \u0101tr\u0101kajiem veidiem, k\u0101 sasniegt v\u0113lamo rezult\u0101tu \u2013 atkar\u012bb\u0101 no zobu individu\u0101l\u0101 st\u0101vok\u013ca var priec\u0101ties par jauno smaidu p\u0113c vair\u0101kiem vai pat viena zob\u0101rsta kabineta apmekl\u0113juma. Lai smaids p\u0113c est\u0113tisk\u0101s plomb\u0113\u0161anas paliktu skaists ilg\u0101ku laiku, nepiecie\u0161ams uztur\u0113t nevainojamu person\u012bgo mutes dobuma higi\u0113nu, regul\u0101ri veikt profesion\u0101lu higi\u0113nas proced\u016bru, k\u0101 ar\u012b apmekl\u0113t \u0101rst\u0113jo\u0161o speci\u0101listu restaur\u0101ciju p\u0101rbaudei.<\/p><h3><strong>Vai p\u0113c est\u0113tisk\u0101s plomb\u0113\u0161anas nepiecie\u0161ama papildu kop\u0161ana plomb\u0113tiem zobiem?<\/strong><\/h3><p>J\u0101, plomb\u0113jamie materi\u0101li m\u0113dz nolietoties, par\u0101d\u0101s mikroraupjums, vair\u0101k uzkr\u0101jas aplikums un pigmenti. \u0160o iemeslu d\u0113\u013c ik p\u0113c 6 m\u0113ne\u0161iem ieteicams veikt profesion\u0101lu mutes dobuma higi\u0113nu un ikgad\u0113jo profilaktisko restaur\u0101ciju pul\u0113\u0161anu, kuras laik\u0101 tiek nogludin\u0101ta un pul\u0113ta plombju virsma, un j\u016bs varat baud\u012bt skaistu smaidu daudzus gadus.<\/p><h3><strong>Vai p\u0113c est\u0113tisk\u0101s plomb\u0113\u0161anas ir nepiecie\u0161amas \u012bpa\u0161as zobu pastas?<\/strong><\/h3><p>K\u0101 p\u0113c jebkuras proced\u016bras zob\u0101rstniec\u012bbas kl\u012bnik\u0101, Dental Pluss speci\u0101listi J\u016bs iepaz\u012bstin\u0101s ar turpm\u0101ko mutes dobuma kop\u0161anu, kas Jums b\u016bs nepiecie\u0161ama.<\/p><p>P\u0113c est\u0113tiskaj\u0101m\u00a0 zobu atjauno\u0161an\u0101m ir ieteicamas zobu pastas un kr\u0113mi, kas satur p\u0113c iesp\u0113jas maz\u0101k abraz\u012bvo vielu. T\u0101dej\u0101di ar atjaunojo\u0161o materi\u0101lu atjaunot\u0101 virsma tiek aizsarg\u0101ta, t\u0101 ilg\u0101k paliek sp\u012bd\u012bga un gluda.<\/p><h3><strong>Vai est\u0113tiski atjaunoti zobi laika gait\u0101 main\u012bs kr\u0101su?<\/strong><\/h3><p>P\u0113c vair\u0101kiem gadiem restaur\u0101ciju virsma joproj\u0101m noveco \u2013 noveco plomb\u0113jamais materi\u0101ls, tiek atdal\u012btas mikroda\u013ci\u0146as, mikroboj\u0101jum\u0101 ies\u016bcas pigmenta vielas no p\u0101rtikas un dz\u0113rieniem.Tom\u0113r, pareizi kopjot atjaunotos zobus m\u0101jas apst\u0101k\u013cos, regul\u0101ri veicot profesion\u0101lo mutes dobuma higi\u0113nu un restaur\u0101ciju pul\u0113\u0161anu, labi izveidota est\u0113tisk\u0101 restaur\u0101cija\u00a0 kalpos 5-7 gadus.<\/p>\n\t\t\t\t\t<\/div>\n\t\t\t\t\t\t<\/div>\n\t\t\t\t<\/div>\n\t\t\t\t<\/div>\n\t\t<div class=\"elementor-element elementor-element-58b9425 e-con-full e-flex e-con e-child\" data-id=\"58b9425\" data-element_type=\"container\" data-e-type=\"container\">\n\t\t\t\t<div class=\"elementor-element elementor-element-c7883ac make-sticky elementor-widget elementor-widget-wd_mega_menu\" data-id=\"c7883ac\" data-element_type=\"widget\" data-e-type=\"widget\" data-widget_type=\"wd_mega_menu.default\">\n\t\t\t\t<div class=\"elementor-widget-container\">\n\t\t\t\t\t\t\t<div class=\"wd-menu widget_nav_mega_menu\">\n\t\t\t\t\t\t\t<h5 class=\"widget-title color-scheme-dark\">\n\t\t\t\t\tM\u016bsu kl\u012bnikas pakalpojumi\t\t\t\t<\/h5>\n\t\t\t\t\t\t<ul id=\"menu-services-menu\" class=\"menu wd-nav wd-nav-vertical wd-design-with-bg wd-gap- wd-icon-left\"><li id=\"menu-item-470\" class=\"menu-item menu-item-type-post_type menu-item-object-page menu-item-470 item-level-0 menu-simple-dropdown wd-event-hover\" ><a href=\"https:\/\/dentalpluss.lv\/bruninieku\/pakalpojumi\/profesionala-mutes-dobuma-higiena\/\" class=\"woodmart-nav-link\"><span class=\"nav-link-text\">Profesion\u0101l\u0101 mutes dobuma higi\u0113na<\/span><\/a><\/li>\n<li id=\"menu-item-469\" class=\"menu-item menu-item-type-post_type menu-item-object-page menu-item-469 item-level-0 menu-simple-dropdown wd-event-hover\" ><a href=\"https:\/\/dentalpluss.lv\/bruninieku\/pakalpojumi\/endodontiska-arstesana\/\" class=\"woodmart-nav-link\"><span class=\"nav-link-text\">Endodontisk\u0101 \u0101rst\u0113\u0161ana<\/span><\/a><\/li>\n<li id=\"menu-item-468\" class=\"menu-item menu-item-type-post_type menu-item-object-page menu-item-468 item-level-0 menu-simple-dropdown wd-event-hover\" ><a href=\"https:\/\/dentalpluss.lv\/bruninieku\/pakalpojumi\/protezesana\/\" class=\"woodmart-nav-link\"><span class=\"nav-link-text\">Protez\u0113\u0161ana<\/span><\/a><\/li>\n<li id=\"menu-item-467\" class=\"menu-item menu-item-type-post_type menu-item-object-page menu-item-467 item-level-0 menu-simple-dropdown wd-event-hover\" ><a href=\"https:\/\/dentalpluss.lv\/bruninieku\/pakalpojumi\/implantacija\/\" class=\"woodmart-nav-link\"><span class=\"nav-link-text\">Implant\u0101cija<\/span><\/a><\/li>\n<li id=\"menu-item-466\" class=\"menu-item menu-item-type-post_type menu-item-object-page menu-item-466 item-level-0 menu-simple-dropdown wd-event-hover\" ><a href=\"https:\/\/dentalpluss.lv\/bruninieku\/pakalpojumi\/mutes-dobuma-kirurgija\/\" class=\"woodmart-nav-link\"><span class=\"nav-link-text\">Mutes dobuma \u0137irur\u0123ija<\/span><\/a><\/li>\n<li id=\"menu-item-465\" class=\"menu-item menu-item-type-post_type menu-item-object-page menu-item-465 item-level-0 menu-simple-dropdown wd-event-hover\" ><a href=\"https:\/\/dentalpluss.lv\/bruninieku\/pakalpojumi\/terapeitiska-zobu-arstesana\/\" class=\"woodmart-nav-link\"><span class=\"nav-link-text\">Terapeitisk\u0101 zobu \u0101rst\u0113\u0161ana<\/span><\/a><\/li>\n<li id=\"menu-item-464\" class=\"menu-item menu-item-type-post_type menu-item-object-page menu-item-464 item-level-0 menu-simple-dropdown wd-event-hover\" ><a href=\"https:\/\/dentalpluss.lv\/bruninieku\/pakalpojumi\/estetiska-zobu-restauracija\/\" class=\"woodmart-nav-link\"><span class=\"nav-link-text\">Est\u0113tisk\u0101 zobu restaur\u0101cija<\/span><\/a><\/li>\n<li id=\"menu-item-463\" class=\"menu-item menu-item-type-post_type menu-item-object-page menu-item-463 item-level-0 menu-simple-dropdown wd-event-hover\" ><a href=\"https:\/\/dentalpluss.lv\/bruninieku\/pakalpojumi\/zobu-balinasana-tonu-korekcija\/\" class=\"woodmart-nav-link\"><span class=\"nav-link-text\">Zobu balin\u0101\u0161ana \u2013 to\u0146u korekcija<\/span><\/a><\/li>\n<li id=\"menu-item-462\" class=\"menu-item menu-item-type-post_type menu-item-object-page menu-item-462 item-level-0 menu-simple-dropdown wd-event-hover\" ><a href=\"https:\/\/dentalpluss.lv\/bruninieku\/pakalpojumi\/3d-datortomografija-panoramas-rentgens\/\" class=\"woodmart-nav-link\"><span class=\"nav-link-text\">3D datortomogr\u0101fija, panor\u0101mas rentgens<\/span><\/a><\/li>\n<\/ul>\t\t<\/div>\n\t\t\t\t\t\t<\/div>\n\t\t\t\t<\/div>\n\t\t\t\t<\/div>\n\t\t\t\t\t<\/div>\n\t\t\t\t<\/div>\n\t\t\t\t<\/div>\n\t\t","protected":false},"excerpt":{"rendered":"<p>Est\u0113tisk\u0101 plomb\u0113\u0161ana \u2013 proced\u016bra, kur\u0101 zobi tiek atjaunoti ar plomb\u0113\u0161anas materi\u0101lu pa sl\u0101\u0146iem, kas atbilst zobu dabiskajai anatomijai. \u0160\u0101di vislab\u0101kais<\/p>\n","protected":false},"author":1,"featured_media":0,"parent":399,"menu_order":0,"comment_status":"closed","ping_status":"closed","template":"","meta":{"_acf_changed":false,"footnotes":""},"class_list":["post-444","page","type-page","status-publish","hentry"],"acf":[],"lang":"lv","translations":{"lv":444,"ru":635},"pll_sync_post":[],"_links":{"self":[{"href":"https:\/\/dentalpluss.lv\/bruninieku\/wp-json\/wp\/v2\/pages\/444","targetHints":{"allow":["GET"]}}],"collection":[{"href":"https:\/\/dentalpluss.lv\/bruninieku\/wp-json\/wp\/v2\/pages"}],"about":[{"href":"https:\/\/dentalpluss.lv\/bruninieku\/wp-json\/wp\/v2\/types\/page"}],"author":[{"embeddable":true,"href":"https:\/\/dentalpluss.lv\/bruninieku\/wp-json\/wp\/v2\/users\/1"}],"replies":[{"embeddable":true,"href":"https:\/\/dentalpluss.lv\/bruninieku\/wp-json\/wp\/v2\/comments?post=444"}],"version-history":[{"count":0,"href":"https:\/\/dentalpluss.lv\/bruninieku\/wp-json\/wp\/v2\/pages\/444\/revisions"}],"up":[{"embeddable":true,"href":"https:\/\/dentalpluss.lv\/bruninieku\/wp-json\/wp\/v2\/pages\/399"}],"wp:attachment":[{"href":"https:\/\/dentalpluss.lv\/bruninieku\/wp-json\/wp\/v2\/media?parent=444"}],"curies":[{"name":"wp","href":"https:\/\/api.w.org\/{rel}","templated":true}]}}