{"id":448,"date":"2025-06-12T20:54:11","date_gmt":"2025-06-12T20:54:11","guid":{"rendered":"https:\/\/dentalpluss.lv\/bruninieku\/?page_id=448"},"modified":"2025-07-14T21:01:19","modified_gmt":"2025-07-14T21:01:19","slug":"3d-datortomografija-panoramas-rentgens","status":"publish","type":"page","link":"https:\/\/dentalpluss.lv\/bruninieku\/pakalpojumi\/3d-datortomografija-panoramas-rentgens\/","title":{"rendered":"3D datortomogr\u0101fija, panor\u0101mas rentgens"},"content":{"rendered":"\t\t<div data-elementor-type=\"wp-page\" data-elementor-id=\"448\" class=\"elementor elementor-448\">\n\t\t\t\t<div class=\"wd-negative-gap elementor-element elementor-element-90c3d9d e-flex e-con-boxed e-con e-parent\" data-id=\"90c3d9d\" data-element_type=\"container\" data-e-type=\"container\">\n\t\t\t\t\t<div class=\"e-con-inner\">\n\t\t<div class=\"elementor-element elementor-element-21fae6e e-con-full e-flex e-con e-child\" data-id=\"21fae6e\" data-element_type=\"container\" data-e-type=\"container\">\n\t\t\t\t<div class=\"elementor-element elementor-element-5d45b22 elementor-widget elementor-widget-image\" data-id=\"5d45b22\" data-element_type=\"widget\" data-e-type=\"widget\" data-widget_type=\"image.default\">\n\t\t\t\t<div class=\"elementor-widget-container\">\n\t\t\t\t\t\t\t\t\t\t\t\t\t\t\t<img fetchpriority=\"high\" decoding=\"async\" width=\"1300\" height=\"867\" src=\"https:\/\/dentalpluss.lv\/bruninieku\/wp-content\/uploads\/2025\/06\/IK_OK_383.jpg\" class=\"attachment-full size-full wp-image-416\" alt=\"Zob\u0101rstniec\u012bbas kl\u012bnika R\u012bg\u0101\" srcset=\"https:\/\/dentalpluss.lv\/bruninieku\/wp-content\/uploads\/2025\/06\/IK_OK_383.jpg 1300w, https:\/\/dentalpluss.lv\/bruninieku\/wp-content\/uploads\/2025\/06\/IK_OK_383-300x200.jpg 300w, https:\/\/dentalpluss.lv\/bruninieku\/wp-content\/uploads\/2025\/06\/IK_OK_383-1024x683.jpg 1024w, https:\/\/dentalpluss.lv\/bruninieku\/wp-content\/uploads\/2025\/06\/IK_OK_383-768x512.jpg 768w\" sizes=\"(max-width: 1300px) 100vw, 1300px\" title=\"Zob\u0101rstniec\u012bbas kl\u012bnika R\u012bg\u0101\">\t\t\t\t\t\t\t\t\t\t\t\t\t\t\t<\/div>\n\t\t\t\t<\/div>\n\t\t\t\t<div class=\"elementor-element elementor-element-be43819 elementor-widget elementor-widget-wd_text_block\" data-id=\"be43819\" data-element_type=\"widget\" data-e-type=\"widget\" data-widget_type=\"wd_text_block.default\">\n\t\t\t\t<div class=\"elementor-widget-container\">\n\t\t\t\t\t\t\t<div class=\"wd-text-block reset-last-child text-left\">\n\t\t\t\n\t\t\t<p>Panor\u0101mas rentgena iek\u0101rta \u013cauj ieg\u016bt augstas iz\u0161\u0137irtsp\u0113jas digit\u0101lus panor\u0101mas rentgena att\u0113lus (ortopantomogrammas). Tas ir svar\u012bgs un informat\u012bvs izmekl\u0113jums zob\u0101rstniec\u012bb\u0101. Att\u0113ls aptver mutes dobumu, visus zobus un apk\u0101rt\u0113j\u0101s zonas (apak\u0161\u017eok\u013ca loc\u012btavas un aug\u0161\u017eok\u013ca deguna blakusdobumus).<\/p><p>Izmekl\u0113juma galven\u0101 priek\u0161roc\u012bba ir , ka, uz\u0146emot panor\u0101mas att\u0113lu, pacients tiek pak\u013cauts nelielam rentgenstarojumam. Tas iesp\u0113jams t\u0101p\u0113c, ka rentgenstaru avots vienm\u0113r\u012bgi p\u0101rvietojas pret pacienta seju. \u0160\u012b iemesla d\u0113\u013c starojuma deva panor\u0101mas rentgenuz\u0146\u0113muma laik\u0101 ir tikai aptuveni 2 reizes liel\u0101ka k\u0101, ja rentgens tiek veikts vienam zobam.<\/p><p>Digit\u0101l\u0101s tehnolo\u0123ijas samazina rentgenstaru devu v\u0113l par 70%, k\u0101 ar\u012b \u0161ai tehnolo\u0123ijai ir visas p\u0101r\u0113j\u0101s digit\u0101lo tehnolo\u0123iju priek\u0161roc\u012bbas: \u0101rsts redz att\u0113lu sav\u0101 dator\u0101, vi\u0146\u0161 var to analiz\u0113t izmantojot speci\u0101lu programmu, kas \u013cauj izcelt svar\u012bgas deta\u013cas. Att\u0113lu var nos\u016bt\u012bt pa e-pastu, glab\u0101t datora datu nes\u0113j\u0101 vai izdruk\u0101t uz fotopap\u012bra.<\/p><p>Datortomogr\u0101fija ir visprec\u012bz\u0101k\u0101 diagnostikas metode, ko izmanto zob\u0101rstniec\u012bb\u0101. Digit\u0101lais att\u0113ls, kas tiek ieg\u016bts ar digit\u0101lo tomogr\u0101fu, par\u0101da \u013coti prec\u012bzu, neizkrop\u013cotu aug\u0161\u017eok\u013ca, apak\u0161\u017eok\u013ca un apk\u0101rt\u0113jo zonu (sinusu, apak\u0161\u017eok\u013ca loc\u012btavu, elpce\u013cu) att\u0113lu. 3D att\u0113ls ne tikai par\u0101da re\u0101lu skatu uz \u017eok\u013ciem un zon\u0101m ap tiem, bet ar\u012b \u013cauj \u0101rstam prec\u012bzi pl\u0101not visus \u0137irur\u0123isk\u0101s \u0101rst\u0113\u0161anas etapus. \u201cDental Pluss\u201d zob\u0101rstniec\u012bbas kl\u012bnik\u0101 3D att\u0113li tiek uz\u0146emti gad\u012bjumos, kad pacientam paredz\u0113ta sare\u017e\u0123\u012bt\u0101ka \u0137irur\u0123isk\u0101 iejauk\u0161an\u0101s: vair\u0101ku zobu implant\u0101cijas proced\u016bra, kaula palielin\u0101\u0161anas un sinusa\u00a0pacel\u0161anas oper\u0101cijas.<\/p><h3><strong>Cik ilgs laiks\u00a0 nepiecie\u0161ams rentgena uz\u0146em\u0161anai?<\/strong><\/h3><p>Rentgena izmekl\u0113jums tiek veikts \u0101tri, pati proced\u016bra aiz\u0146em tikai da\u017eas min\u016btes. P\u0113c tam \u201cDental Pluss\u201d zob\u0101rstniec\u012bbas kl\u012bnikas speci\u0101lists izv\u0113rt\u0113 izmekl\u0113jumu un rezult\u0101tus p\u0101rrun\u0101 ar pacientu, k\u0101 ar\u012b pl\u0101no nepiecie\u0161amo \u0101rst\u0113\u0161anu.<\/p><h3><strong>Vai rentgens ir kait\u012bgs?<\/strong><\/h3><p>Daudzi pacienti uztraucas, ka rentgenstari var kait\u0113t vi\u0146u vesel\u012bbai, ta\u010du uztraukumam nav pamata. Jaunie m\u016bsdien\u012bgie rentgena apar\u0101ti, ko izmanto m\u016bsu zob\u0101rstniec\u012bbas kl\u012bnik\u0101s, izstaro \u0101rk\u0101rt\u012bgi mazas rentgenstaru devas un jut\u012bgie sensori p\u0101rnes prec\u012bzu un kvalitat\u012bvu att\u0113lu diagnostikai vai \u0101rst\u0113\u0161anas pl\u0101no\u0161anai. Vienm\u0113r tiek \u0146emts v\u0113r\u0101, kur\u0161 kait\u0113jums ir liel\u0101ks \u2013 nepareiza diagnoze un nov\u0113lota \u0101rst\u0113\u0161ana vai radi\u0101cijas iedarb\u012bba. Ar\u012b m\u016bsu apkart\u0113j\u0101 vide ir bag\u0101ta ar l\u012bdz\u012bgiem dabas starojumiem, k\u0101dus sa\u0146emam ikdien\u0101.<\/p>\n\t\t\t\t\t<\/div>\n\t\t\t\t\t\t<\/div>\n\t\t\t\t<\/div>\n\t\t\t\t<\/div>\n\t\t<div class=\"elementor-element elementor-element-50e53e2 e-con-full e-flex e-con e-child\" data-id=\"50e53e2\" data-element_type=\"container\" data-e-type=\"container\">\n\t\t\t\t<div class=\"elementor-element elementor-element-4817f94 make-sticky elementor-widget elementor-widget-wd_mega_menu\" data-id=\"4817f94\" data-element_type=\"widget\" data-e-type=\"widget\" data-widget_type=\"wd_mega_menu.default\">\n\t\t\t\t<div class=\"elementor-widget-container\">\n\t\t\t\t\t\t\t<div class=\"wd-menu widget_nav_mega_menu\">\n\t\t\t\t\t\t\t<h5 class=\"widget-title color-scheme-dark\">\n\t\t\t\t\tM\u016bsu kl\u012bnikas pakalpojumi\t\t\t\t<\/h5>\n\t\t\t\t\t\t<ul id=\"menu-services-menu\" class=\"menu wd-nav wd-nav-vertical wd-design-with-bg wd-gap- wd-icon-left\"><li id=\"menu-item-470\" class=\"menu-item menu-item-type-post_type menu-item-object-page menu-item-470 item-level-0 menu-simple-dropdown wd-event-hover\" ><a href=\"https:\/\/dentalpluss.lv\/bruninieku\/pakalpojumi\/profesionala-mutes-dobuma-higiena\/\" class=\"woodmart-nav-link\"><span class=\"nav-link-text\">Profesion\u0101l\u0101 mutes dobuma higi\u0113na<\/span><\/a><\/li>\n<li id=\"menu-item-469\" class=\"menu-item menu-item-type-post_type menu-item-object-page menu-item-469 item-level-0 menu-simple-dropdown wd-event-hover\" ><a href=\"https:\/\/dentalpluss.lv\/bruninieku\/pakalpojumi\/endodontiska-arstesana\/\" class=\"woodmart-nav-link\"><span class=\"nav-link-text\">Endodontisk\u0101 \u0101rst\u0113\u0161ana<\/span><\/a><\/li>\n<li id=\"menu-item-468\" class=\"menu-item menu-item-type-post_type menu-item-object-page menu-item-468 item-level-0 menu-simple-dropdown wd-event-hover\" ><a href=\"https:\/\/dentalpluss.lv\/bruninieku\/pakalpojumi\/protezesana\/\" class=\"woodmart-nav-link\"><span class=\"nav-link-text\">Protez\u0113\u0161ana<\/span><\/a><\/li>\n<li id=\"menu-item-467\" class=\"menu-item menu-item-type-post_type menu-item-object-page menu-item-467 item-level-0 menu-simple-dropdown wd-event-hover\" ><a href=\"https:\/\/dentalpluss.lv\/bruninieku\/pakalpojumi\/implantacija\/\" class=\"woodmart-nav-link\"><span class=\"nav-link-text\">Implant\u0101cija<\/span><\/a><\/li>\n<li id=\"menu-item-466\" class=\"menu-item menu-item-type-post_type menu-item-object-page menu-item-466 item-level-0 menu-simple-dropdown wd-event-hover\" ><a href=\"https:\/\/dentalpluss.lv\/bruninieku\/pakalpojumi\/mutes-dobuma-kirurgija\/\" class=\"woodmart-nav-link\"><span class=\"nav-link-text\">Mutes dobuma \u0137irur\u0123ija<\/span><\/a><\/li>\n<li id=\"menu-item-465\" class=\"menu-item menu-item-type-post_type menu-item-object-page menu-item-465 item-level-0 menu-simple-dropdown wd-event-hover\" ><a href=\"https:\/\/dentalpluss.lv\/bruninieku\/pakalpojumi\/terapeitiska-zobu-arstesana\/\" class=\"woodmart-nav-link\"><span class=\"nav-link-text\">Terapeitisk\u0101 zobu \u0101rst\u0113\u0161ana<\/span><\/a><\/li>\n<li id=\"menu-item-464\" class=\"menu-item menu-item-type-post_type menu-item-object-page menu-item-464 item-level-0 menu-simple-dropdown wd-event-hover\" ><a href=\"https:\/\/dentalpluss.lv\/bruninieku\/pakalpojumi\/estetiska-zobu-restauracija\/\" class=\"woodmart-nav-link\"><span class=\"nav-link-text\">Est\u0113tisk\u0101 zobu restaur\u0101cija<\/span><\/a><\/li>\n<li id=\"menu-item-463\" class=\"menu-item menu-item-type-post_type menu-item-object-page menu-item-463 item-level-0 menu-simple-dropdown wd-event-hover\" ><a href=\"https:\/\/dentalpluss.lv\/bruninieku\/pakalpojumi\/zobu-balinasana-tonu-korekcija\/\" class=\"woodmart-nav-link\"><span class=\"nav-link-text\">Zobu balin\u0101\u0161ana \u2013 to\u0146u korekcija<\/span><\/a><\/li>\n<li id=\"menu-item-462\" class=\"menu-item menu-item-type-post_type menu-item-object-page menu-item-462 item-level-0 menu-simple-dropdown wd-event-hover\" ><a href=\"https:\/\/dentalpluss.lv\/bruninieku\/pakalpojumi\/3d-datortomografija-panoramas-rentgens\/\" class=\"woodmart-nav-link\"><span class=\"nav-link-text\">3D datortomogr\u0101fija, panor\u0101mas rentgens<\/span><\/a><\/li>\n<\/ul>\t\t<\/div>\n\t\t\t\t\t\t<\/div>\n\t\t\t\t<\/div>\n\t\t\t\t<\/div>\n\t\t\t\t\t<\/div>\n\t\t\t\t<\/div>\n\t\t\t\t<\/div>\n\t\t","protected":false},"excerpt":{"rendered":"<p>Panor\u0101mas rentgena iek\u0101rta \u013cauj ieg\u016bt augstas iz\u0161\u0137irtsp\u0113jas digit\u0101lus panor\u0101mas rentgena att\u0113lus (ortopantomogrammas). Tas ir svar\u012bgs un informat\u012bvs izmekl\u0113jums zob\u0101rstniec\u012bb\u0101. Att\u0113ls<\/p>\n","protected":false},"author":1,"featured_media":0,"parent":399,"menu_order":0,"comment_status":"closed","ping_status":"closed","template":"","meta":{"_acf_changed":false,"footnotes":""},"class_list":["post-448","page","type-page","status-publish","hentry"],"acf":[],"lang":"lv","translations":{"lv":448,"ru":631},"pll_sync_post":[],"_links":{"self":[{"href":"https:\/\/dentalpluss.lv\/bruninieku\/wp-json\/wp\/v2\/pages\/448","targetHints":{"allow":["GET"]}}],"collection":[{"href":"https:\/\/dentalpluss.lv\/bruninieku\/wp-json\/wp\/v2\/pages"}],"about":[{"href":"https:\/\/dentalpluss.lv\/bruninieku\/wp-json\/wp\/v2\/types\/page"}],"author":[{"embeddable":true,"href":"https:\/\/dentalpluss.lv\/bruninieku\/wp-json\/wp\/v2\/users\/1"}],"replies":[{"embeddable":true,"href":"https:\/\/dentalpluss.lv\/bruninieku\/wp-json\/wp\/v2\/comments?post=448"}],"version-history":[{"count":0,"href":"https:\/\/dentalpluss.lv\/bruninieku\/wp-json\/wp\/v2\/pages\/448\/revisions"}],"up":[{"embeddable":true,"href":"https:\/\/dentalpluss.lv\/bruninieku\/wp-json\/wp\/v2\/pages\/399"}],"wp:attachment":[{"href":"https:\/\/dentalpluss.lv\/bruninieku\/wp-json\/wp\/v2\/media?parent=448"}],"curies":[{"name":"wp","href":"https:\/\/api.w.org\/{rel}","templated":true}]}}